In base 7, what is 12135 + -6?
12126
In base 14, what is 72 - 50bb?
-5049
In base 5, what is 104144 - 1422?
102222
In base 4, what is -1022 + 212111?
211023
In base 2, what is -1011 - -1000100101110?
1000100100011
In base 6, what is 124 - 51131?
-51003
In base 13, what is -67a25 + 4?
-67a21
In base 5, what is -21420322 + -3?
-21420330
In base 10, what is 5 + -875662?
-875657
In base 14, what is d4 + -1c15?
-1b21
In base 13, what is -5 - 5304?
-5309
In base 12, what is -1124 + -8?
-1130
In base 7, what is 3 - -6656?
6662
In base 4, what is 231 + -13032?
-12201
In base 12, what is -54035 + 3?
-54032
In base 5, what is -142343 + 4?
-142334
In base 11, what is 35868 - -3?
35870
In base 16, what is 9 - 13a37?
-13a2e
In base 12, what is 141 - -2191?
2312
In base 16, what is a388 + 5?
a38d
In base 9, what is 357 - -4821?
5278
In base 3, what is -100000002 + 121?
-22222111
In base 4, what is 31321 + 11?
31332
In base 16, what is -884 - -33?
-851
In base 12, what is -6127b - -4?
-61277
In base 13, what is -63 + 8b6?
853
In base 5, what is -10 - 213322?
-213332
In base 6, what is 1 - 1122540?
-1122535
In base 8, what is 3 - 55555?
-55552
In base 12, what is 6 - a620?
-a616
In base 2, what is -1001000111001101111 + -1?
-1001000111001110000
In base 9, what is -2 + -1082201?
-1082203
In base 14, what is -1730d7d + 2?
-1730d7b
In base 8, what is -1061320 + 5?
-1061313
In base 9, what is 556 - -2860?
3526
In base 9, what is 2 + 84000?
84002
In base 15, what is 10 - -c03d?
c04d
In base 6, what is -321 + 5342?
5021
In base 6, what is 5 - 13150512?
-13150503
In base 12, what is 0 - -7b62?
7b62
In base 2, what is -1111110101111110 + -10?
-1111110110000000
In base 12, what is 1251 + -7b?
1192
In base 10, what is -137 - 160?
-297
In base 10, what is -22306 + -149?
-22455
In base 3, what is 100022010011 + 12?
100022010100
In base 16, what is 5 + 964cd?
964d2
In base 14, what is -4da7 + 6?
-4da1
In base 7, what is 13416 - 25?
13361
In base 7, what is 50 - 16426?
-16346
In base 9, what is -352 + -658?
-1121
In base 5, what is -23 + 440011?
434433
In base 14, what is 105 + 337?
43c
In base 11, what is -2470 - -234?
-2237
In base 11, what is 16 + aa?
115
In base 2, what is 110001000011101 - 0?
110001000011101
In base 2, what is -101011001110 - 110010010?
-110001100000
In base 4, what is -103311 + -33102?
-203013
In base 15, what is d7d - -1?
d7e
In base 11, what is -7197 + -4?
-71a0
In base 10, what is 2763917 - 3?
2763914
In base 13, what is -4 + 78c6?
78c2
In base 3, what is -1121020 - -110?
-1120210
In base 6, what is 20512 - -11455?
32411
In base 2, what is 100 + 1001001001111?
1001001010011
In base 11, what is -5 + 186114?
18610a
In base 14, what is 3492 - -2?
3494
In base 15, what is d3 + 14a2?
1585
In base 15, what is -3ab + d90?
9d4
In base 13, what is a - 577c6?
-577b9
In base 15, what is -277 - -1a?
-25c
In base 12, what is -1 + -41a5?
-41a6
In base 9, what is 220 + -148?
61
In base 11, what is -2 - -258a2?
258a0
In base 7, what is 230 - -421?
651
In base 2, what is 1 + -1100001001011011?
-1100001001011010
In base 15, what is 682 - 18e?
4e3
In base 2, what is -10 - -100101000011101?
100101000011011
In base 10, what is -475 + 288?
-187
In base 8, what is -2 + -257351?
-257353
In base 5, what is 4 + -14041011?
-14041002
In base 12, what is 4 + -6825a?
-68256
In base 4, what is -11 - 3101022?
-3101033
In base 4, what is 1012 - 200111?
-133033
In base 10, what is -117480 + 3?
-117477
In base 7, what is -46 - 200331?
-200410
In base 3, what is -1211121200 - -210?
-1211120220
In base 4, what is 10 + -12221313010?
-12221313000
In base 3, what is 10 + 122002002?
122002012
In base 12, what is -241 - -873?
632
In base 15, what is -1705 + -e?
-1714
In base 7, what is -104 + 11663?
11556
In base 15, what is a - -34a7e?
34a89
In base 4, what is 1 + -2122301?
-2122300
In base 4, what is -1302301 - -301?
-1302000
In base 8, what is 3710 - -333?
4243
In base 7, what is 13 - 1242523?
-1242510
In base 6, what is -101253 - 0?
-101253
In base 7, what is -120106 + 3?
-120103
In base 6, what is 14313 + -45?
14224
In base 4, what is -2113122322 - 10?
-2113122332
In base 14, what is 7 + -47?
-40
In base 16, what is 16c - -ed?
259
In base 10, what is -257 - -168?
-89
In base 4, what is 131203333 + -10?
131203323
In base 4, what is -1 - 230333120?
-230333121
In base 14, what is -2 + 7d750?
7d74c
In base 12, what is -1 + 7aa?
7a9
In base 13, what is 6919 + 5?
6921
In base 8, what is -524310 + -5?
-524315
In base 12, what is -1134852 - 5?
-1134857
In base 12, what is -a364 + 35?
-a32b
In base 7, what is 34554 + -460?
34064
In base 3, what is 20021 + 201011?
221102
In base 6, what is -102 + 5125?
5023
In base 11, what is 902 + a?
911
In base 8, what is -677 + 5137?
4240
In base 14, what is -45 - 93?
-d8
In base 12, what is -7 - -483?
478
In base 12, what is -80 + -7a9?
-869
In base 3, what is 1220 - -20020?
22010
In base 14, what is 202da + 13?
2030d
In base 8, what is 14356 - -5?
14363
In base 4, what is 21203212 + -1132?
21202020
In base 16, what is 56a - -6?
570
In base 11, what is 56a73 - -2?
56a75
In base 10, what is -4 - 33073?
-33077
In base 16, what is -1a - a1?
-bb
In base 11, what is 4 - 14947?
-14943
In base 15, what is -1e - -c3cd?
c3ae
In base 14, what is -b9 + -16a?
-245
In base 15, what is 2684d + -2?
2684b
In base 15, what is 0 - 178e40?
-178e40
In base 14, what is -230ad - -21?
-2308c
In base 5, what is 103111102 + -3?
103111044
In base 14, what is 29d3 - -6c?
2a61
In base 13, what is -95 - -3c9?
334
In base 10, what is 4 - -16468?
16472
In base 14, what is 120b - -22?
122d
In base 5, what is -1012 + 3122?
2110
In base 15, what is -559 + -50?
-5a9
In base 16, what is -1 + 1027?
1026
In base 10, what is 1 - -22913?
22914
In base 2, what is 1 - 10111011010100?
-10111011010011
In base 4, what is -1100 - 11313?
-13013
In base 2, what is 11 - 100011011000100?
-100011011000001
In base 8, what is -75 + 120646?
120551
In base 16, what is 437 + -13a?
2fd
In base 2, what is -10001010110100001111 - -11?
-10001010110100001100
In base 2, what is 11001000 - 101111101010?
-101100100010
In base 9, what is 171740 - 3?
171736
In base 12, what is 13b566 - -1?
13b567
In base 8, what is -27746 - -3?
-27743
In base 9, what is -1 - -238238?
238237
In base 8, what is -32 + -12757?
-13011
In base 10, what is 3528 - 9?
3519
In base 7, what is 16 - 20451?
-20432
In base 7, what is 22 + -6324?
-6302
In base 13, what is -312a - -3a?
-30c0
In base 6, what is -50 - -2335?
2245
In base 6, what is 40041 - -3?
40044
In base 4, what is 2203023 - 3231?
2133132
In base 6, what is -25234 + 32?
-25202
In base 4, what is -32 - -133123?
133031
In base 15, what is -6 + -7956?
-795c
In base 13, what is 7 - 10a54?
-10a4a
In base 8, what is 2 - 113062?
-113060
In base 13, what is -1046b3 - -6?
-1046aa
In base 2, what is -11 + 1000110011000100?
1000110011000001
In base 13, what is -c460 - 2c?
-c48c
In base 9, what is 114080 + -5?
114074
In base 2, what is -100 + 110101111001110011?
110101111001101111
In base 12, what is 819a - -1?
819b
In base 2, what is -1000011001001111 + -1010?
-1000011001011001
In base 11, what is -2493a96 + -2?
-2493a98
In base 12, what is 20 - -1545?
1565
In base 8, what is -23162 - -32?
-23130
In base 3, what is -1101 + 11100122?
11022021
In base 16, what is 58 - 18b?
-133
In base 16, what is 103 + 3456?
3559
In base 11, what is -1a5760 - 0?
-1a5760
In base 3, what is 1212112 - 1011112?
201000
In base 2, what is 10110111111 - -100011001?
11011011000
In base 11, what is 50 + 3779?
3819
In base 15, what is ac71 + 11?
ac82
In base 6, what is -4551005 - -2?
-4551003
In base 9, what is 455 + -2401?
-1835
In base 6, what is -5342152 - 2?
-5342154
In base 14, what is 47ba4 + 4?
47ba8
In base 2, what is -101101110010100110 - -101?
-101101110010100001
In base 8, what is 3131 + -1725?
1204
In base 13, what is 37 + 10?
47
In base 4, what is -12002103 - 113?
-12002222
In base 16, what is -337 + -1d?
-354
In base 7, what is 5 - 1341612?
-1341604
In base 16, what is 67 - fae?
-f47
In base 9, what is -6614 + 2?
-6612
In base 9, what is 1204560 + -2?
1204557
In base 4, what is 101103 + -103200?
-2031
In base 7, what is -11416 - -5?
-11411
In base 12, what is 123b5 - 1?
123b4
In base 13, what is 11 - 87?